{"id":4763,"date":"2020-11-06T16:14:36","date_gmt":"2020-11-06T14:14:36","guid":{"rendered":"https:\/\/blog.federnshop.com\/wp-content\/uploads\/Federkennlinie_kombiniert.png"},"modified":"2020-11-06T16:14:36","modified_gmt":"2020-11-06T14:14:36","slug":"polaczona-charakterystyka-sprezyny-2","status":"inherit","type":"attachment","link":"https:\/\/blog.federnshop.com\/fr\/polaczona-charakterystyka-sprezyny-2\/","title":{"rendered":"Po\u0142\u0105czona charakterystyka spr\u0119\u017cyny"},"author":0,"featured_media":0,"comment_status":"closed","ping_status":"closed","template":"","meta":{"_uf_show_specific_survey":0,"_uf_disable_surveys":false},"class_list":["post-4763","attachment","type-attachment","status-inherit","hentry"],"description":{"rendered":"<p class=\"attachment\"><a href='https:\/\/blog.federnshop.com\/wp-content\/uploads\/Federkennlinie_kombiniert.png'>Po\u0142\u0105czona charakterystyka spr\u0119\u017cyny<\/a><\/p>"},"caption":{"rendered":"<p>Po\u0142\u0105czona charakterystyka spr\u0119\u017cyny<\/p>\n"},"alt_text":"","media_type":"file","mime_type":"image\/png","media_details":{},"post":null,"source_url":"https:\/\/blog.federnshop.com\/wp-content\/uploads\/Federkennlinie_kombiniert.png","_links":{"self":[{"href":"https:\/\/blog.federnshop.com\/fr\/wp-json\/wp\/v2\/media\/4763","targetHints":{"allow":["GET"]}}],"collection":[{"href":"https:\/\/blog.federnshop.com\/fr\/wp-json\/wp\/v2\/media"}],"about":[{"href":"https:\/\/blog.federnshop.com\/fr\/wp-json\/wp\/v2\/types\/attachment"}],"replies":[{"embeddable":true,"href":"https:\/\/blog.federnshop.com\/fr\/wp-json\/wp\/v2\/comments?post=4763"}]}}

Połączona charakterystyka sprężyny

<p class="attachment"><a href='https://blog.federnshop.com/wp-content/uploads/Federkennlinie_kombiniert.png'>Połączona charakterystyka sprężyny</a></p>

<p>Połączona charakterystyka sprężyny</p>
